. Suppose 8*z + 135 = h*z. What is the highest common divisor of z and l?
15
Suppose -2*p = -0*p + 3*p. Suppose p = 2*q - 5*q. Suppose a + 3*b + 0*b - 81 = 0, q = -4*a + b + 285. Calculate the highest common factor of 8 and a.
8
Let g be (-462)/24*-1 - (-10)/(-8). Let q(c) = 8*c - 2. Suppose r - 2 = -2*u, 3*u - 4*r - 1 = 2. Let m be q(u). Calculate the highest common divisor of m and g.
6
Let f be (-208)/78*((-6)/10)/(9/5085). Calculate the greatest common factor of f and 72.
8
Suppose -596 = -5*l - c, 3*l - 376 = 7*c - 3*c. Let m = -3038 + 3118. What is the greatest common divisor of l and m?
40
Let p(x) = -x**3 + 8*x**2 + 7*x + 4. Let o be p(7). Let k be 2/(-5) + 2/(60/o). Suppose 4*s + k = 23. What is the highest common divisor of 30 and s?
5
Suppose 0 = -4*u - 3*y - 7607 + 28150, -4*y - 25671 = -5*u. What is the greatest common divisor of 10 and u?
5
Let d = -328675 + 328713. Suppose x = 2*x - 323. Calculate the highest common divisor of d and x.
19
Let g be ((-1350)/12)/(126/24 + -6). Calculate the highest common divisor of 390 and g.
30
Suppose -2384 = -5*o + 2*d - 6*d, 5*d = 2*o - 980. Let v(x) = x**3 + 15*x**2 + 28*x - 96. Let u be v(-11). What is the highest common divisor of u and o?
80
Suppose 851 = 3*v - 4*s, 2*s - 5365 = -2*v - 4779. Calculate the highest common factor of 7 and v.
1
Suppose 2*w - 5*w = -240. Let v be 106/(-20)*30/12*12. Let o = v + 191. Calculate the greatest common divisor of o and w.
16
Suppose 2*n - 20 = -4*w, 58 = 5*n - 3*w + 5*w. Let l be (1*n/5)/(81/46440). What is the greatest common factor of l and 86?
86
Let j(o) = 2*o**2 - 8*o - 159. Let u be j(13). What is the greatest common divisor of 24 and u?
3
Let y(a) = -190*a - 902. Let c be y(-9). Calculate the highest common divisor of c and 8.
8
Let v(k) = k**3 - 85*k**2 - 80*k - 476. Let c be v(86). What is the highest common divisor of 140 and c?
20
Let h be -3 - (4 + -5) - (-1 - 0). Let z be h*1*182/(-26). Calculate the greatest common divisor of 1 and z.
1
Let d = 14932 + -14871. What is the greatest common factor of 79727 and d?
61
Let c(r) = 0*r**3 + r**3 - 109*r**2 - 7 + 116*r**2 - 5 - 10*r. Let o be c(-8). Suppose -o*m + 97 + 283 = 0. What is the greatest common divisor of 38 and m?
19
Let j be ((-150)/(-105))/((-1)/(-175)*5). Calculate the highest common divisor of j and 2.
2
Suppose 73*j - 65*j = -20*j + 3136. Let i(d) = d**2 + 2*d + 4. Let m be i(-3). What is the highest common factor of j and m?
7
Let r(j) = -j + 19. Let d be r(0). Let b = d + -8. Suppose -122*a = -34*a - 4501 - 4211. Calculate the greatest common factor of a and b.
11
Let y be (-62 - (-884)/(-34))*(1 + -8). What is the greatest common factor of 4466 and y?
154
Let u be ((-2)/(-4))/((-5)/(-30)). Suppose 0 = -u*t + 7*t - 12. Let r be (50/6)/(105/189). What is the highest common divisor of t and r?
3
Let q = -7342 - -7478. What is the greatest common divisor of q and 952?
136
Let d(g) = 41*g**2 - 2294*g + 14. Let c be d(56). Calculate the greatest common factor of c and 54.
18
Let n(m) = 2*m**2 + 32*m - 452. Let w be n(17). What is the highest common divisor of w and 938?
134
Let f = -679 - -670. Let u(z) = -75*z - 210. Let r be u(f). Calculate the greatest common factor of r and 15.
15
Let f(l) = -2*l**2 + 12. Let b be f(3). Let d be -1*(36 + 6)*b/4. What is the highest common divisor of 42 and d?
21
Let z(m) = -6*m**3 - 3*m**2 - 37*m - 71. Let b be z(-4). What is the highest common factor of 1829 and b?
59
Suppose -1210 + 5774 = 14*p. Suppose -79 = -9*o + p. Calculate the highest common divisor of 5 and o.
5
Let i = -3302 - -36352. Calculate the highest common factor of 10 and i.
10
Let g be 32*(0 - (-1)/(-2)). Let k = 26 + g. Let b = 29275 - 29260. What is the greatest common divisor of b and k?
5
Let a(n) = n**3 - 6*n**2 + 65*n - 501. Let i be a(7). What is the greatest common factor of i and 242?
1
Let d = -20 + 25. Let n = 8 - d. Let u be (-10 + 13)*25/n. Calculate the greatest common divisor of 5 and u.
5
Let i be (-91)/(-26) + (-2)/(-4). Suppose t = i*t. Let b be t - (-1*650)/5. Calculate the greatest common divisor of 13 and b.
13
Let m(l) = 25*l - 1790. Let v be m(73). Calculate the highest common divisor of 1295 and v.
35
Let f = -273 - -282. Let x be (-5 - 150/(-12))*24/f. What is the highest common divisor of 90 and x?
10
Let b(z) = -2*z - 24 + 12*z - z - 3*z. Let m be b(4). Suppose -s + 26 + 4 = m. What is the highest common factor of s and 30?
30
Suppose 2*k = -q + 11, 42 = 5*q + 11*k - 14*k. Let c be 3 - 5/3 - (-177)/q. What is the highest common factor of c and 28?
7
Let a = 348 - -92. Let k = -5904 + 5944. Calculate the greatest common factor of a and k.
40
Let o(d) = 5*d + 8. Let p be o(8). Let b(l) = 3*l**2 + 27*l - 36. Let z be b(11). What is the highest common divisor of z and p?
48
Let b be 573 - (1 + 2)*16/24. Let o be b/7 - 116/203. Calculate the highest common divisor of o and 18.
9
Suppose 0 = -4*j + j + 393. Let s = j + -127. Suppose 52 = c + s*y - 20, c - 3*y - 44 = 0. Calculate the greatest common divisor of c and 7.
7
Suppose -32*q = -262 - 250. Calculate the highest common divisor of q and 388.
4
Suppose 0 = p - 5*p + 8. Suppose p = -f, 3*f - 71 + 173 = 2*d. Suppose -3*g + d = -0*g. What is the greatest common factor of g and 2?
2
Let z(p) = 2*p**3 + 58*p**2 - 10*p - 129. Let t be z(-29). What is the greatest common divisor of 15134 and t?
161
Let w be (-22 - 2)/(-11 + (-975)/(-90)). What is the highest common factor of w and 738?
18
Let p(b) = -6*b - 49. Let g be p(-11). Let y be (-196)/(-9) + 42/189. Suppose -f = y - 175. What is the greatest common factor of g and f?
17
Let q be (1 - 94/(-6))*3 + (-90)/18. What is the highest common divisor of 15 and q?
15
Suppose 2*f + 101 = 29. Let t be f/9 + -2 + 12. Calculate the highest common divisor of t and 162.
6
Suppose -4*f = -w - 2, -7*f + 12*f = 10. What is the highest common divisor of 2802 and w?
6
Let w be (-14 + 11)*202/(-6). Calculate the greatest common factor of w and 3737.
101
Suppose 3*g + 2*n + 32 = 86, -5*g + 5*n = -65. What is the greatest common divisor of 1616 and g?
16
Suppose -10*q + 87791 = -59789. What is the greatest common factor of 94 and q?
94
Suppose 4*h - 34 = -34, 5*u - 490 = -5*h. Calculate the greatest common divisor of u and 4438.
14
Let k = -87 - -79. Let f be k/6*(-18)/12. Calculate the highest common factor of 38 and f.
2
Suppose -20*n + 12 = -28. Let f be n/17 + (-370)/(-34). What is the highest common factor of 407 and f?
11
Suppose -b + 22 = 2*x, -5 = 2*x + 2*b - 23. Let v = -15 + 16. What is the greatest common factor of v and x?
1
Suppose -4*k + a = -6174, 16*a - 19*a - 6186 = -4*k. Calculate the greatest common factor of 12 and k.
6
Let t = 22 - 15. Let k(f) = 2*f**2 - 20*f - 22. Let u be k(13). Suppose -1568 = 24*y - u*y. What is the greatest common divisor of t and y?
7
Let b be 2 + 874 + -2 + 2 + (12 - 8). Calculate the greatest common divisor of b and 330.
110
Let q = 276 - 482. Let a = q - -275. Calculate the greatest common divisor of 23 and a.
23
Let c(x) = x**2 + 9*x - 5. Let f be c(-8). Let q be (-12 - f)/((-2)/(-6)). Let z = 60 - 57. Calculate the greatest common divisor of z and q.
3
Let g be (49/(-7) + 8)*(1 - 3). Let i be (9/(-18))/(g/40). What is the highest common divisor of 110 and i?
10
Let x be (6/12)/((-1)/(-66)). Let d be (-160)/(-30) - (-1)/(-3). Let l be (3 + -36)/(-4 + d + -2). What is the greatest common factor of l and x?
33
Let h be (-16)/(-10) - 2431/85. Suppose 3*g = -5*f - 2*g + 130, 5*f - 136 = -3*g. Let a = f + h. Calculate the greatest common divisor of 2 and a.
2
Suppose -j + 6 = -0. Let k be (84/18)/(1/j). Let u be 496/k + 6/21. What is the highest common factor of 54 and u?
18
Let l = -14315 + 14335. Calculate the greatest common factor of 3820 and l.
20
Suppose w = 12*w - 176. Suppose -5*d + 85 = 2*i, -d = -5*i - 33 + w. What is the highest common factor of 153 and d?
17
Let g(y) = -19*y + 2. Let t be g(6). Let o = 257 - 132. Let f = t + o. Calculate the highest common factor of 117 and f.
13
Let t be (49/(-14) - -6)*584/4. What is the greatest common factor of 3139 and t?
73
Suppose -122*u = -145*u + 345. Suppose 0 = -5*t + 1020 + 180. What is the greatest common divisor of t and u?
15
Suppose 0 = -5*p - 2*g + 3012, -5*g + 18